g**3 + 8*g**2 + 12*g + 5. What is the remainder when 96 is divided by x(a)?
16
Let g(b) = -2*b**3 + 142*b**2 - 133*b - 503. Let x be g(70). Let m be -5 - (0 - (2 + -2)). What is the remainder when 2/1*m/10*x is divided by 7?
6
Suppose -196 = -3*v - z + 736, 5*z - 1570 = -5*v. Let y(x) = -6*x**3 + 15*x**2 + 70*x + 138. What is the remainder when v is divided by y(-2)?
97
Let y(b) = 7*b + 667. Calculate the remainder when 999 is divided by y(-94).
0
Let g(p) = -34*p - p**3 - 15*p**2 + 32 - 5*p**2 - 3 - 11*p + 2*p**3. Calculate the remainder when ((-1)/(-2))/(2/184) is divided by g(22).
4
Let k(b) = -b**2 + 10*b + 16. Let o be k(11). What is the remainder when ((-4)/(-3) - o/15)*299 is divided by 20?
19
Let t(z) = 5228*z**2 - 53*z - 52. What is the remainder when t(-1) is divided by 16?
13
Let f = -184 - -272. Calculate the remainder when f is divided by 2*(-1 + -19)*1/(-2).
8
Let b = -208 - -212. Suppose -c + 66 = b*c - 3*h, 4*h + 20 = c. Calculate the remainder when 42 is divided by c.
6
Let n(z) = -57*z + 1. Suppose -3*w = 3 - 0. Let y = 1314567 - 1314549. What is the remainder when n(w) is divided by y?
4
Let n(f) = f**3 - 5*f**2 - 9*f - 6. Let q(t) = -164*t - 321. What is the remainder when q(-3) is divided by n(7)?
26
Let l(z) = 4052*z - 103. What is the remainder when l(1) is divided by 24?
13
Let x(i) = 12*i - 12. Let f = -83 - -90. Let d be x(f). Suppose -3*c - d = -6*c. What is the remainder when 119 is divided by c?
23
Let d = -93 + 149. Let j(t) = 8*t**2 - 4*t - 2. Calculate the remainder when j(-3) is divided by 2/7 - (-208)/d - -24.
26
Suppose 5*a - 1020 + 208 = -2*u, 3*a = u + 485. What is the remainder when a is divided by (-2)/(-3) - (-86)/6?
12
Suppose -8*k + 5*y - 1708 = -4*k, 5*y = 0. Let i = k - -474. Calculate the remainder when 58 is divided by i.
11
Let h(t) = t**2 - 35*t + 249. Calculate the remainder when h(36) is divided by 6.
3
Let a be (-8 - (-4 - -3))*(-5 + -21). Suppose 0 = 4*j - 2*f - a, -j + 91 - 49 = -4*f. Calculate the remainder when j is divided by 29.
17
Suppose 6*v = -c + v + 18, 73 = 3*c - 4*v. Let j(g) = -g**3 + 4*g**2 + 3*g + 14. Let p be j(5). Calculate the remainder when c is divided by (-8)/2*(5 - 23/p).
2
Let w(p) = 4*p**2 + 17*p + 48. Let g(c) = -20*c**2 - 84*c - 241. Let a(j) = 2*g(j) + 11*w(j). Calculate the remainder when 73 is divided by a(-3).
23
Suppose -2*m + 3*m = -9. Let s be (-28)/(-126) + 20/m. Let w(z) = -15*z - 3. What is the remainder when 76 is divided by w(s)?
22
Suppose 4*n - 5 + 45 = 0. Let m be -3 + 6 - (-10)/n. Suppose -6*j = -m*j - 108. Calculate the remainder when j is divided by 17.
10
Let t(o) = -o**2 + 10*o - 3. Let h be t(9). Calculate the remainder when 2/(32/156) - (-9)/(-12) is divided by (-2)/(h/4 + -2).
1
Suppose -27*l + 16 = -29*l. What is the remainder when 171 is divided by (0 + -4)/l*50?
21
Let f(i) = -6*i - 62. Let s be f(-10). What is the remainder when 265 is divided by s/3*(-56 - 1)?
37
Suppose a + 4*g = -4*a + 227, -2*a = -3*g - 77. What is the remainder when a is divided by 1?
0
Let y = -6143 + 6180. Calculate the remainder when 47 is divided by y.
10
Suppose -7*s + 45 = 10. Suppose 7*f = s*f + 138. Suppose -5*j - 39 = -f. What is the remainder when 23 is divided by j?
5
Let q = 558 - 123. What is the remainder when q is divided by 20?
15
Let o be (-4 - -5)/(-2 - 85/(-40)). Calculate the remainder when 117 is divided by (-2)/o - (-1067)/44.
21
Let v = 528 - -427. Calculate the remainder when v is divided by 161.
150
Let b be 116/261*(-27)/12*-2. Let f = -46 - -138. Suppose b*w + 2*w = f. What is the remainder when w is divided by 14?
9
Suppose 6*n - 4*p = n, -4*n - 4*p + 36 = 0. Suppose 0 = 4*r - 0*r + n. Let t = r + 22. Calculate the remainder when t is divided by 12.
9
Let y(q) = 3*q**3 - 3*q**2 - 20*q + 53. Calculate the remainder when y(4) is divided by 69.
48
Suppose 504 = y + 7*y. Suppose -y = -5*x + 87. Calculate the remainder when 419 is divided by x.
29
Let o = -1067 + 582. Let q = -474 - o. What is the remainder when q is divided by 8?
3
Let w(y) = y**3 - 25*y**2 + 41*y + 1. What is the remainder when w(24) is divided by 69?
64
What is the remainder when ((-2)/24)/(33/(-44)) + 9998/9 is divided by 21?
19
Let l(f) = -2*f**2 - 380*f - 2183. What is the remainder when 11874 is divided by l(-6)?
24
Suppose 17 = -5*w + 37, -x - 2*w = -83. Let s = x + -49. Calculate the remainder when 125 is divided by s.
21
Suppose 176*h - 183*h + 546 = 0. Suppose 0 = -h*r + 63*r + 135. What is the remainder when (-170)/(-4) - (-2)/(-4) is divided by r?
6
Let z be (0 + 2)/((-3)/(-9)). Let c be ((-21)/7)/(z/(-140)). Let k = -42 + c. What is the remainder when 55 is divided by k?
27
Let r = -14781 - -15294. What is the remainder when r is divided by 5?
3
Suppose -4*x = -i - 3, -x = 2*x - i - 1. Let j = -259 + 265. Suppose x*l = -j*l + 48. What is the remainder when 10 is divided by l?
4
Let a(v) = -v**2 + 6*v + 101. Let g(h) = -h**3 + 11*h**2 + 7*h + 53. Let q be g(12). What is the remainder when 47 is divided by a(q)?
7
Let r(t) = -t**3 - 12*t**2 - 11*t + 18. Let l be r(-11). Let x = 30 + l. Calculate the remainder when 167 is divided by x.
23
Let l(a) = 4*a**2 + 55*a - 253. What is the remainder when 1235 is divided by l(-19)?
67
Suppose 17*j + 3*j = 7*j. Suppose 2*s - 186 = 3*u - 765, 4*s = j. Calculate the remainder when u is divided by 102.
91
Suppose 5*b = 5*y + 15, 99 = y + 94. Suppose 248 = b*d - 448. What is the remainder when d is divided by 37?
13
Let n = 4572 - 4402. Calculate the remainder when n is divided by 44.
38
Let w be ((-2)/(-3))/(2/15). Suppose 3*d = -t - 2*d - 30, 0 = -3*t - w*d - 50. Let v(z) = 3*z**2 + 22*z - 7. Calculate the remainder when v(t) is divided by 16.
9
Suppose -581*s = -572*s - 72. Let a be ((-5)/(-2))/((-7)/(-70)). Suppose 5*m = -10 + a. What is the remainder when s is divided by m?
2
Suppose 147 = 3*z + 41*x - 40*x, 4*z - 2*x - 196 = 0. Calculate the remainder when 1418 is divided by z.
46
Let o(c) = 7*c - 2. Let n = -112 + 115. What is the remainder when o(n) is divided by (-2)/(-7) + (-19)/(-7)?
1
Suppose -l - i + 264 = -5*i, 2*i - 2 = 0. Suppose l = 39*r - 35*r. Calculate the remainder when r is divided by 26.
15
Let p = 346 - 240. Suppose 5*k + 16*q - 17*q + 244 = 0, -3*q = -k - 60. What is the remainder when p is divided by 1005/90 - 40/k?
10
Let b be (38/4)/((-3)/(-6)). Let h(y) = 28*y - 346. What is the remainder when h(b) is divided by 47?
45
Let f = 19238 - 19181. What is the remainder when 1326 is divided by f?
15
Suppose -92 = -181*x + 177*x + 376. Calculate the remainder when 461 is divided by x.
110
Suppose 4*c - q = 124, 3*c + 44 = 5*c - 5*q. Let b = -28 + c. Suppose -4*w - 3*a = -99, -w = b*w + 4*a - 125. What is the remainder when 57 is divided by w?
15
Let v(a) = a**2 + 47*a - 2. Let u be v(-40). Let l = u - -367. Calculate the remainder when l is divided by 56.
29
What is the remainder when (-94 + 97)*2370/9 is divided by 232?
94
Suppose n + 104 = 3*n. Let q = 50 - n. Let w(o) = 3*o**2 - 1. Calculate the remainder when 43 is divided by w(q).
10
Suppose 8*t - 2407 = -903. Let d = t + -158. Suppose 4*l - 234 = 2*l. What is the remainder when l is divided by d?
27
Let l = -5065 - -5151. What is the remainder when 325 is divided by l?
67
Let v = 4629 - 4565. What is the remainder when 693 is divided by v?
53
Let y = -228 - -92. Calculate the remainder when (-4)/(32/654)*y/51 is divided by 55.
53
Let n(x) = -5*x - 6. Let g be 9/(-3) + -1 + 3. What is the remainder when g/6 + (-5710)/(-60) is divided by n(-6)?
23
Let v(d) = 19*d**2 - 1. Let i(m) = m**2 - 125*m - 773. What is the remainder when v(-1) is divided by i(131)?
5
What is the remainder when ((-1)/(35/23604))/((-10)/(1000/30)) is divided by 94?
86
Let f = 2028 + -2000. Calculate the remainder when 1398 is divided by f.
26
Let k(d) = 4*d + 4. Let c(x) be the first derivative of -24*x**2 - 253*x - 33. Calculate the remainder when c(-6) is divided by k(4).
15
Let u = 10942 - 10710. Calculate the remainder when 1181 is divided by u.
21
Let i be (-454)/(-18) + (7 - (-650)/(-90)). Suppose 0 = 6*c - i*c + 190. What is the remainder when 348 is divided by c?
8
Let r = -131 + 134. Let n be (r - (-25)/(-10)) + (-18)/(-4). Suppose n*k + 13 = -p, k + 3*k = -2*p - 2. Calcul